6 = d. What are the prime factors of (-172)/d - 14/49?
2, 3
Let i(b) = -7*b + 3. Let c be (-15)/4 + (-6)/24. What are the prime factors of i(c)?
31
Suppose 0 - 1 = l + x, 2*x = -l + 1. Let d = l - -32. List the prime factors of d.
29
Let u = 56 + 92. What are the prime factors of u?
2, 37
Suppose -f + w = 2*f - 41, -5*w - 85 = -5*f. Suppose -3*i - 3*n + 30 = 0, -f + 64 = 4*i + n. List the prime factors of i.
2, 7
Let a be (-1)/(-4) - (-39)/(-12). Let l be 2*((-35)/2)/5. List the prime factors of (-4 - a)/(1/l).
7
Let t be 54/(-15)*100/(-6). Suppose s - 4*s = -t. List the prime factors of s.
2, 5
Suppose 3*h - 2 = 2*h. Suppose -h*q + 2 + 2 = 0. Suppose q*t + 2*t = 20. What are the prime factors of t?
5
Let l be ((-2)/(-2))/((-6)/(-24)). Suppose 0*r + 2*r = -3*j + 52, 0 = l*j + 2*r - 68. What are the prime factors of j?
2
Let u = 12 + -17. Let t(y) = y**3 + 4*y**2 - 5*y. Let k(h) = -h**3 - 4*h**2 + 5*h + 1. Let j(a) = 4*k(a) + 5*t(a). What are the prime factors of j(u)?
2
Suppose h + 9 = b, -2*h = 4*b - 6 - 6. Let r be -20 - b/(15/6). Let z = r - -32. List the prime factors of z.
2, 5
List the prime factors of ((-3)/2)/((-42)/1232).
2, 11
Let z be (-3)/(2 - -1 - 2). Let k(w) = w**3 + 4*w**2 + w. Let x be k(z). Suppose -x*a - 50 = -11*a. List the prime factors of a.
2, 5
Let b = 333 + -204. List the prime factors of b.
3, 43
Let o(p) = -2*p + 7 - 7*p + p**3 + 3*p**2 - 11*p**2 - 1. What are the prime factors of o(9)?
2, 3
Let p = -28 + 43. List the prime factors of p.
3, 5
What are the prime factors of -1 + 46 + -4*5/(-20)?
2, 23
Let k(f) be the second derivative of -f**5/10 - f**4/4 + f. List the prime factors of k(-2).
2
Let s be (36/30)/((-6)/(-20)). Let c be (-33)/(-2) - 6/s. Suppose 0 = 2*p - c - 15. List the prime factors of p.
3, 5
Let v(m) be the third derivative of -m**4/3 - 2*m**3/3 - 4*m**2. List the prime factors of v(-3).
2, 5
Let m be (1 + 0)/(-2 + 3). Let r be (-2 - m)/(-1 + 0). Let j = r - -2. What are the prime factors of j?
5
Suppose 2*a - k - 3 = 0, 4*a = -5*k + 10 + 3. Suppose -3*t = a*t - 4*q + 9, 5*t = -3*q - 37. Let b(g) = -g. List the prime factors of b(t).
5
Suppose 9*a = 480 - 183. List the prime factors of a.
3, 11
Let q(f) = -f**2 + 6. Let v be q(0). Suppose v*x = x + 95. What are the prime factors of x?
19
Suppose 2*w - 123 = 75. List the prime factors of w.
3, 11
Let w be -5*(-2 - (-2)/2). Suppose -3*c = -9, 0 = -3*u - 2*u - w*c + 15. Suppose -5*l - 4*k + 45 = 0, 3*k + 9 - 24 = u. List the prime factors of l.
5
Let d(n) be the first derivative of 5*n**2/2 - 7*n + 1. Let k(t) = -t. Let r(j) = -d(j) - 6*k(j). List the prime factors of r(5).
2, 3
Let t = 1 - -3. List the prime factors of t.
2
Let u be (-2)/(-12) + (-94)/(-12). Suppose -2 + u = -c. Let m(v) = v + 11. List the prime factors of m(c).
5
Let i(c) = 4*c**3 + 4*c - 4. List the prime factors of i(2).
2, 3
Let b(q) = q**2 + 8*q + 9. Suppose -3*y + 3*n = -0*n, 1 = 5*y - 4*n. Let f = y + -9. List the prime factors of b(f).
3
What are the prime factors of (-1)/3 + 1094/6?
2, 7, 13
Suppose -5*w + 4*c = -0*c - 449, -2*w + 166 = -5*c. List the prime factors of w.
3, 31
Suppose -10 = 5*s + 5*q, 2*s + 2*s = -5*q - 5. Let t(b) = b - 6. Let l be t(5). Let v = l - s. List the prime factors of v.
2
Suppose 0*v + 2*v + 4 = 0, 0 = m + 2*v - 190. List the prime factors of m.
2, 97
Suppose v - 8 = -0*v. List the prime factors of v.
2
Suppose 2*o + 2*f - 150 = 0, 4*o - 389 = -3*f - 90. Suppose -5*x = -4*q + 126 + 27, 2*q - 2*x = o. List the prime factors of q.
2
Let y(z) = z + 7. Let m be y(-6). Let o be ((-1 + 1)/m)/1. Suppose -3*w - w + 24 = o. What are the prime factors of w?
2, 3
Let o = -11 + 19. What are the prime factors of (-14)/(o/(-4)) + 3?
2, 5
Let f(s) = -2*s**2 + 4*s**2 - 2*s**2 + 8*s**3 - 1. List the prime factors of f(1).
7
Let v(y) = -7*y. Let x be v(1). Let c = 2 + x. What are the prime factors of 8 - (4 - (-3 - c))?
2, 3
Let r(y) = -3*y**3 + y. Let f be r(1). List the prime factors of (220/(-50))/(f/5).
11
Suppose -3*v = -v. Suppose 4*r - s - 22 - 1 = v, -2*s + 31 = 3*r. What are the prime factors of r?
7
Suppose 2*y + 2*w = 64, -3*y - 14*w + 15*w + 116 = 0. What are the prime factors of y?
37
Let m be (-2 - 1) + 6/2. Suppose -4*r = -m*r - 112. List the prime factors of r.
2, 7
Let a(p) = -3*p**2 + p + 3. Let d(c) = -16*c**2 + 10 + 0 + 4*c + 6*c**2. Let g(q) = -7*a(q) + 2*d(q). What are the prime factors of g(-3)?
5
Suppose 243 = 29*b - 26*b. What are the prime factors of b?
3
Let a = -21 - -26. Suppose a*h = -2*b + 2*h + 104, 3*b - 194 = 5*h. What are the prime factors of b?
2, 29
Suppose 2*q - 4 = q. Suppose 3*m - m - q*p - 12 = 0, -4*p = 5*m - 72. List the prime factors of 0 + -3 + m + -3.
2, 3
Suppose 3*s - 1074 = -3*r, -4*s + 0*s = 3*r - 1075. What are the prime factors of r?
3, 7, 17
Let u(d) = 2*d**2 - 5*d - 1. Let b be u(5). Suppose -4*s = 3*w - 25, -w = 2*s - 0*s - 5. Let o = b - w. List the prime factors of o.
3
Suppose -4*l + 9*l - a = 52, 0 = -3*l + 4*a + 38. Let u(c) = 3*c - 7. List the prime factors of u(l).
23
Suppose 0 = o - 4*o + 33. List the prime factors of o.
11
Let z = 1004 + -675. List the prime factors of (-2)/4 - z/(-14).
23
Suppose 9*x = 8*x + 54. What are the prime factors of x?
2, 3
Let j(c) be the first derivative of c**3/3 - 2*c**2 + c + 1. Let t be 2/5 - 252/(-45). What are the prime factors of j(t)?
13
Suppose z + z = -t + 10, -z - 4*t = 2. Suppose -3*y + z = -0. Suppose 4*x + y = 5*k, -3*k + 2*x + 2 = -0*x. What are the prime factors of k?
2
List the prime factors of 984/(-16)*(-1)/(-3)*-12.
2, 3, 41
What are the prime factors of (56/8 + 54)/((-1)/(-3))?
3, 61
Suppose -2*z - 92 = 94. Let v = -41 - z. List the prime factors of v.
2, 13
What are the prime factors of 2/(-4)*(10 - 540)?
5, 53
Let p be (4/5)/(6/15). Let t be 8 - (1 + p + -2). Suppose t*h = 3*h + 84. List the prime factors of h.
3, 7
Let q = 0 - 0. Let d = q - -2. Suppose d*x - 5 - 19 = 0. List the prime factors of x.
2, 3
Let s be 2/(-3) + 2/3. Suppose 4*z + 5*n - 21 = s, 3*z = 2*z - 4*n - 3. What are the prime factors of z?
3
Suppose 18 = b + 3*g, 0*b - 4*b = 4*g - 64. List the prime factors of b.
3, 5
Suppose 0*c - 3*c = -330. What are the prime factors of c?
2, 5, 11
Suppose 3*n + 25 = 8*n. Suppose n*g - a - 34 = 0, -2*g - 5*a + 16 = -3*a. What are the prime factors of (2 - g - -1)*-3?
2, 3
Let j(l) = -l**3 + 11*l**2 + l + 6. Suppose 2*a = -0*a. Let o be 12 + -1 + a/(-1). What are the prime factors of j(o)?
17
Suppose 7*d = 3*d + 60. What are the prime factors of d?
3, 5
Suppose 0 - 4 = 2*z. Let m = -4 + z. List the prime factors of m + 20 - (2 - 0).
2, 3
Suppose 5*q + 12 = 4*q + 4*l, -16 = -4*l. Suppose -q + 26 = 2*i. What are the prime factors of i?
11
What are the prime factors of 43 + 1 + -3 - 1?
2, 5
Suppose -2*g + 273 = -5*c - 28, 2*c = 2. List the prime factors of g.
3, 17
Suppose 3*r - 483 - 48 = 0. What are the prime factors of r?
3, 59
Let w be (0 - -2)*5/2. Suppose -d - 4*k = -17, 4*k - 3 = w. List the prime factors of d.
3
Let v(d) = -d**2 - 3*d + 1. Let t be (-12)/3 - (0 + 0). Let l be v(t). Let z(p) = -p**2 - 7*p - 2. What are the prime factors of z(l)?
2, 5
Suppose 0 = 2*c + 1 - 9. List the prime factors of c.
2
Let m(k) = k**2 - 9*k - 14. What are the prime factors of m(11)?
2
Let i(j) = -j**2 + 9*j - 3. Let m be i(9). Let r(x) = -x + 2. What are the prime factors of r(m)?
5
Let q(j) = 2*j + 9. What are the prime factors of q(9)?
3
Let l be -23 + 1 - 33/11. Let s = 0 - l. List the prime factors of s.
5
Let r(f) = -f**3 + 3*f**2. Let c be r(3). Let y(w) = w + 8. What are the prime factors of y(c)?
2
Let f(u) = 2*u**2 + 5*u - 3. Let b(v) = -4*v. Let q(y) = y**3 + 7*y**2 + 7*y + 7. Let d be q(-6). Let p be b(d). List the prime factors of f(p).
3
Suppose 5*l = 37 + 8. List the prime factors of 107/3 - (-3)/l.
2, 3
Suppose 7*j = 2*j - 20. Let l = 6 + j. Suppose h = -l + 11. List the prime factors of h.
3
Suppose 31 = g - 0*g - 4*d, -4*g + 181 = 3*d. What are the prime factors of g?
43
Let w(z) = -z**3 + z**2 - z + 9. Let r be w(0). Suppose 2*i + r - 57 = 0. What are the prime factors of i?
2, 3
Let m = -7 - -2. Let i(x) = x - 1. Let g(d) = -15*d + 4. Let y(v) = m*i(v) - g(v). List the prime factors of y(2).
3, 7
Suppose 0 = -2*k + 3*u - u, -5*u + 27 